{"id":140,"date":"2015-01-23T14:20:16","date_gmt":"2015-01-23T14:20:16","guid":{"rendered":"http:\/\/siket-heser.de\/TYV\/?page_id=140"},"modified":"2015-03-24T14:19:25","modified_gmt":"2015-03-24T13:19:25","slug":"impressum","status":"publish","type":"page","link":"https:\/\/tyrown-vincent.tv\/?page_id=140","title":{"rendered":"Impressum"},"content":{"rendered":"<div id='av_section_1'  class='avia-section main_color avia-section-default avia-no-shadow  avia-full-stretch avia-bg-style-fixed  avia-builder-el-0  avia-builder-el-no-sibling   container_wrap sidebar_right' style='background-repeat: no-repeat; background-image: url(https:\/\/tyrown-vincent.tv\/wp-content\/uploads\/2014\/09\/4.jpg);background-attachment: fixed; background-position: center center;  '  data-section-bg-repeat='stretch'><div class='container' ><main  role=\"main\" itemprop=\"mainContentOfPage\"  class='template-page content  av-content-small alpha units'><div class='post-entry post-entry-type-page post-entry-140'><div class='entry-content-wrapper clearfix'>\n<div class=\"flex_column av_one_third  flex_column_div first  avia-builder-el-1  el_before_av_one_third  avia-builder-el-first  \" ><section class=\"av_textblock_section \"  itemscope=\"itemscope\" itemtype=\"https:\/\/schema.org\/CreativeWork\" ><div class='avia_textblock  '   itemprop=\"text\" ><p>F.R.A. GmbH<br \/>\nAbteilung Front Row Agency<br \/>\nGro\u00dfe Fischerstra\u00dfe 22<br \/>\n60311 Frankfurt Main City<br \/>\n<a href=\"mailto: contact@front-row-agency.com\">contact@front-row-agency.com<\/a><\/p>\n<\/div><\/section><\/div><div class=\"flex_column av_one_third  flex_column_div   avia-builder-el-3  el_after_av_one_third  el_before_av_one_third  \" ><section class=\"av_textblock_section \"  itemscope=\"itemscope\" itemtype=\"https:\/\/schema.org\/CreativeWork\" ><div class='avia_textblock  '   itemprop=\"text\" ><p>Amtsgericht Frankfurt HRB 87826<br \/>\nGesch\u00e4ftsf\u00fchrer T. Reiser<br \/>\nUst- Id : DE 270 733 092<br \/>\nFinanzamt Frankfurt<\/p>\n<p>Kon\u00adzept und Rea\u00adli\u00adsie\u00adrung:\u00a0<a href=\"http:\/\/www.siket-heser.de\/\" target=\"_blank\" rel=\"noopener\">Siket &amp; Heser<\/a><\/p>\n<\/div><\/section><\/div><div class=\"flex_column av_one_third  flex_column_div   avia-builder-el-5  el_after_av_one_third  el_before_av_textblock  \" ><section class=\"av_textblock_section \"  itemscope=\"itemscope\" itemtype=\"https:\/\/schema.org\/CreativeWork\" ><div class='avia_textblock  '   itemprop=\"text\" ><p style=\"text-align: right;\"><a title=\"HOME\" href=\"https:\/\/tyrown-vincent.tv\/?page_id=14\">CLOSE<\/a><\/p>\n<\/div><\/section><\/div><section class=\"av_textblock_section \"  itemscope=\"itemscope\" itemtype=\"https:\/\/schema.org\/CreativeWork\" ><div class='avia_textblock  '   itemprop=\"text\" ><p><strong>HAFTUNGSAUSSCHLUSS<\/strong><\/p>\n<p>Die Inhalte unserer Seiten wurden mit gr\u00f6\u00dfter Sorgfalt erstellt. F\u00fcr die Richtigkeit, Vollst\u00e4ndigkeit und Aktualit\u00e4t der Inhalte k\u00f6nnen wir jedoch keine Gew\u00e4hr \u00fcbernehmen. Als Diensteanbieter sind wir f\u00fcr eigene Inhalte auf diesen Seiten nach den allgemeinen Gesetzen verantwortlich. Diensteanbieter sind jedoch nicht verpflichtet, die von ihnen \u00fcbermittelten oder gespeicherten fremden Informationen zu \u00fcberwachen oder nach Umst\u00e4nden zu forschen, die auf eine rechtswidrige T\u00e4tigkeit hinweisen. Verpflichtungen zur Entfernung oder Sperrung der Nutzung von Informationen nach den allgemeinen Gesetzen bleiben hiervon unber\u00fchrt. Eine diesbez\u00fcgliche Haftung ist jedoch erst ab dem Zeitpunkt der Kenntnis einer konkreten Rechtsverletzung m\u00f6glich. Bei bekannt werden von entsprechenden Rechtsverletzungen werden wir diese Inhalte umgehend entfernen.<\/p>\n<p><strong>Haftung f\u00fcr Links<\/strong><br \/>\nUnser Angebot enth\u00e4lt Links zu externen Webseiten Dritter, auf deren Inhalte wir keinen Einfluss haben. Deshalb k\u00f6nnen wir f\u00fcr diese fremden Inhalte auch keine Gew\u00e4hr \u00fcbernehmen. F\u00fcr die Inhalte der verlinkten Seiten ist stets der jeweilige Anbieter oder Betreiber der Seiten verantwortlich. Die verlinkten Seiten wurden zum Zeitpunkt der Verlinkung auf m\u00f6gliche Rechtsverst\u00f6\u00dfe \u00fcberpr\u00fcft. Rechtswidrige Inhalte waren zum Zeitpunkt der Verlinkung nicht erkennbar. Eine permanente inhaltliche Kontrolle der verlinkten Seiten ist jedoch ohne konkrete Anhaltspunkte einer Rechtsverletzung nicht zumutbar. Bei bekannt werden von Rechtsverletzungen werden wir derartige Links umgehend entfernen.<\/p>\n<p><strong>Urheberrecht<\/strong><br \/>\nDie Betreiber der Seiten sind bem\u00fcht, stets die Urheberrechte anderer zu beachten bzw. auf selbst erstellte sowie lizenzfreie Werke zur\u00fcckzugreifen.Die durch die Seitenbetreiber erstellten Inhalte und Werke auf diesen Seiten unterliegen dem Urheberrecht. Beitr\u00e4ge Dritter sind als solche gekennzeichnet. Die Vervielf\u00e4ltigung, Bearbeitung, Verbreitung und jede Art der Verwertung au\u00dferhalb der Grenzen des Urheberrechtes bed\u00fcrfen der schriftlichen Zustimmung des jeweiligen Autors bzw. Erstellers. Downloads und Kopien dieser Seite sind nur f\u00fcr den privaten, nicht kommerziellen Gebrauch gestattet.<\/p>\n<p><strong>Datenschutz<\/strong><br \/>\nSoweit auf unseren Seiten personenbezogene Daten (beispielsweise Name, Anschrift oder eMail-Adressen) erhoben werden, erfolgt dies soweit m\u00f6glich stets auf freiwilliger Basis. Die Nutzung der Angebote und Dienste ist, soweit m\u00f6glich, stets ohne Angabe personenbezogener Daten m\u00f6glich. Der Nutzung von im Rahmen der Impressumspflicht ver\u00f6ffentlichten Kontaktdaten durch Dritte zur \u00dcbersendung von nicht ausdr\u00fccklich angeforderter Werbung und Informationsmaterialien wird hiermit ausdr\u00fccklich widersprochen. Die Betreiber der Seiten behalten sich ausdr\u00fccklich rechtliche Schritte im Falle der unverlangten Zusendung von Werbeinformationen, etwa durch Spam-Mails, vor.<\/p>\n<p><strong>Daten\u00adschutzerk\u00adl\u00e4rung f\u00fcr die Nutzung von Facebook-Plugins (Like-Button)<\/strong><br \/>\nAuf unseren Seiten sind Plu\u00adg\u00adins des sozialen Net\u00adzw\u00aderks Face\u00adbook, 1601 South Cal\u00adi\u00adfor\u00adnia Avenue, Palo Alto, CA 94304, USA inte\u00adgri\u00adert. Die Facebook-Plugins erken\u00adnen Sie an dem Facebook-Logo oder dem \u201cLike-Button\u201d (\u201cGef\u00e4llt mir\u201d) auf unserer Seite. Eine \u00dcbersicht \u00fcber die Facebook-Plugins finden Sie hier: http:\/\/developers.facebook.com\/docs\/plugins\/.<br \/>\nWenn Sie unsere Seiten besuchen, wird \u00fcber das Plu\u00adgin eine direkte Verbindung zwis\u00adchen Ihrem Browser und dem Facebook-Server hergestellt. Face\u00adbook erh\u00e4lt dadurch die Infor\u00adma\u00adtion, dass Sie mit Ihrer IP-Adresse unsere Seite besucht haben. Wenn Sie den Face\u00adbook \u201cLike-Button\u201d anklicken w\u00e4hrend Sie in Ihrem Facebook-Account ein\u00adgel\u00adoggt sind, k\u00f6n\u00adnen Sie die Inhalte unserer Seiten auf Ihrem Facebook-Profil ver\u00adlinken. Dadurch kann Face\u00adbook den Besuch unserer Seiten Ihrem Benutzerkonto zuord\u00adnen. Wir weisen darauf hin, dass wir als Anbi\u00adeter der Seiten keine Ken\u00adnt\u00adnis vom Inhalt der \u00fcbermit\u00adtel\u00adten Daten sowie deren Nutzung durch Face\u00adbook erhal\u00adten. Weit\u00adere Infor\u00adma\u00adtio\u00adnen hierzu finden Sie in der Daten\u00adschutzerk\u00adl\u00e4rung von face\u00adbook unter http:\/\/de-de.facebook.com\/policy.php<br \/>\nWenn Sie nicht w\u00fcn\u00adschen, dass Face\u00adbook den Besuch unserer Seiten Ihrem Facebook-Nutzerkonto zuord\u00adnen kann, loggen Sie sich bitte aus Ihrem Facebook-Benutzerkonto aus.<\/p>\n<p><strong>Daten\u00adschutzerk\u00adl\u00e4rung f\u00fcr die Nutzung von Google Analytics<\/strong><br \/>\nDiese Web\u00adsite benutzt Google Ana\u00adlyt\u00adics, einen Web\u00adanalyse\u00addi\u00adenst der Google Inc. (\u201cGoogle\u201d). Google Ana\u00adlyt\u00adics ver\u00adwen\u00addet sog. \u201cCook\u00adies\u201d, Text\u00addateien, die auf Ihrem Com\u00adputer gespe\u00adichert wer\u00adden und die eine Analyse der Benutzung der Web\u00adsite durch Sie erm\u00f6glichen. Die durch den Cookie erzeugten Infor\u00adma\u00adtio\u00adnen \u00fcber Ihre Benutzung dieser Web\u00adsite wer\u00adden in der Regel an einen Server von Google in den USA \u00fcbertra\u00adgen und dort gespe\u00adichert. Im Falle der Aktivierung der IP-Anonymisierung auf dieser Web\u00adseite wird Ihre IP-Adresse von Google jedoch inner\u00adhalb von Mit\u00adglied\u00adstaaten der Europ\u00e4is\u00adchen Union oder in anderen Ver\u00adtragsstaaten des Abkom\u00admens \u00fcber den Europ\u00e4is\u00adchen Wirtschaft\u00adsraum zuvor gek\u00fcrzt.<br \/>\nNur in Aus\u00adnah\u00adme\u00adf\u00e4llen wird die volle IP-Adresse an einen Server von Google in den USA \u00fcbertra\u00adgen und dort gek\u00fcrzt. Im Auf\u00adtrag des Betreibers dieser Web\u00adsite wird Google diese Infor\u00adma\u00adtio\u00adnen benutzen, um Ihre Nutzung der Web\u00adsite auszuw\u00aderten, um Reports \u00fcber die Web\u00adsiteak\u00adtiv\u00adit\u00e4ten zusam\u00admen\u00adzustellen und um weit\u00adere mit der Web\u00adsitenutzung und der Inter\u00adnet\u00adnutzung ver\u00adbun\u00addene Dien\u00adstleis\u00adtun\u00adgen gegen\u00fcber dem Web\u00adsite\u00adbe\u00adtreiber zu erbrin\u00adgen. Die im Rah\u00admen von Google Ana\u00adlyt\u00adics von Ihrem Browser \u00fcbermit\u00adtelte IP-Adresse wird nicht mit anderen Daten von Google zusammengef\u00fchrt.<br \/>\nSie k\u00f6n\u00adnen die Spe\u00adicherung der Cook\u00adies durch eine entsprechende Ein\u00adstel\u00adlung Ihrer Browser-Software ver\u00adhin\u00addern; wir weisen Sie jedoch darauf hin, dass Sie in diesem Fall gegebe\u00adnen\u00adfalls nicht s\u00e4mtliche Funk\u00adtio\u00adnen dieser Web\u00adsite vol\u00adlum\u00adf\u00e4nglich wer\u00adden nutzen k\u00f6n\u00adnen. Sie k\u00f6n\u00adnen dar\u00fcber hin\u00adaus die Erfas\u00adsung der durch das Cookie erzeugten und auf Ihre Nutzung der Web\u00adsite bezo\u00adge\u00adnen Daten (inkl. Ihrer IP-Adresse) an Google sowie die Ver\u00adar\u00adbeitung dieser Daten durch Google ver\u00adhin\u00addern, indem sie das unter dem fol\u00adgen\u00adden Link ver\u00adf\u00fcg\u00adbare Browser-Plugin herun\u00adter\u00adladen und instal\u00adlieren: http:\/\/tools.google.com\/dlpage\/gaoptout?hl=de.<\/p>\n<p><strong>Datenschutzerkl\u00e4rung f\u00fcr die Nutzung von Twitter<\/strong><br \/>\nAuf unseren Seiten sind Plugins des Dienstes Twitter eingebunden. Diese Plugins werden angeboten durch die Twitter Inc., 795 Folsom St., Suite 600, San Francisco, CA 94107, USA. Durch das Einbinden der Plugins von Twitter und der Funktion \u201cTweet\u201c und \u201cRe-Tweet\u201d werden die von Ihnen besuchten Webseiten mit Ihrem Twitter-Account verkn\u00fcpft und anderen Nutzern bekannt gegeben. Wir weisen darauf hin, dass wir als Anbieter der Seiten keine Kenntnis vom Inhalt der \u00fcbermittelten Daten sowie deren Nutzung durch Twitter erhalten. Weitere Informationen hierzu finden Sie in der Datenschutzerkl\u00e4rung von Twitter unter http:\/\/twitter.com\/privacy. Ihre Datenschutzeinstellungen bei Twitter k\u00f6nnen Sie in Ihrem Twitteraccount-Einstellungen unter http:\/\/twitter.com\/account\/settings \u00e4ndern.<br \/>\n<strong><br \/>\nDatenschutzerkl\u00e4rung f\u00fcr die Nutzung von Vimeo<\/strong><br \/>\nAuf unseren Seiten sind Funktionen des Dienstes Vimeo eingebunden. Diese Funktionen werden angeboten durch die Vimeo, LLC, 555 West 18th Street, New York, New York 10011, USA. Durch das aufrufen der Videos werden Besucherdaten mit Ihrem Vimeo-Account verkn\u00fcpft und expliziet an Vimeo, LLC \u00fcbertragen. Wir weisen darauf hin, dass wir als Anbieter der Seiten keine Kenntnis vom Inhalt der \u00fcbermittelten Daten und deren Nutzung von Vimeo erhalten. Weitere Informationen hierzu finden Sie in der Datenschutzerkl\u00e4rung von Vimeo unter http:\/\/vimeo.com\/privacy. Datenschutzeinstellungen k\u00f6nnen in Ihrem Vimeo-Account vorgenommen werden.<\/p>\n<p>Quel\u00adlenangaben: Dis\u00adclaimer von eRecht24, dem Por\u00adtal zum Inter\u00adne\u00adtrecht von Recht\u00adsan\u00adwalt S\u00f6ren Siebert, Face\u00adbook Dis\u00adclaimer, Daten\u00adschutzerk\u00adl\u00e4rung f\u00fcr Google Analytics<\/p>\n<\/div><\/section>\n<\/div><\/div><\/main><!-- close content main element --><\/div><\/div><div id='after_section_1'  class='main_color av_default_container_wrap container_wrap sidebar_right' style=' '  ><div class='container' ><div class='template-page content  av-content-small alpha units'><div class='post-entry post-entry-type-page post-entry-140'><div class='entry-content-wrapper clearfix'>\n","protected":false},"excerpt":{"rendered":"","protected":false},"author":1,"featured_media":0,"parent":0,"menu_order":0,"comment_status":"open","ping_status":"open","template":"","meta":{"footnotes":""},"class_list":["post-140","page","type-page","status-publish","hentry"],"yoast_head":"<!-- This site is optimized with the Yoast SEO plugin v27.2 - https:\/\/yoast.com\/product\/yoast-seo-wordpress\/ -->\n<title>Impressum - Tyrown Vincent<\/title>\n<meta name=\"robots\" content=\"index, follow, max-snippet:-1, max-image-preview:large, max-video-preview:-1\" \/>\n<link rel=\"canonical\" href=\"https:\/\/tyrown-vincent.tv\/?page_id=140\" \/>\n<meta property=\"og:locale\" content=\"de_DE\" \/>\n<meta property=\"og:type\" content=\"article\" \/>\n<meta property=\"og:title\" content=\"Impressum - Tyrown Vincent\" \/>\n<meta property=\"og:url\" content=\"https:\/\/tyrown-vincent.tv\/?page_id=140\" \/>\n<meta property=\"og:site_name\" content=\"Tyrown Vincent\" \/>\n<meta property=\"article:modified_time\" content=\"2015-03-24T13:19:25+00:00\" \/>\n<meta name=\"twitter:label1\" content=\"Gesch\u00e4tzte Lesezeit\" \/>\n\t<meta name=\"twitter:data1\" content=\"7\u00a0Minuten\" \/>\n<script type=\"application\/ld+json\" class=\"yoast-schema-graph\">{\"@context\":\"https:\/\/schema.org\",\"@graph\":[{\"@type\":\"WebPage\",\"@id\":\"https:\/\/tyrown-vincent.tv\/?page_id=140\",\"url\":\"https:\/\/tyrown-vincent.tv\/?page_id=140\",\"name\":\"Impressum - Tyrown Vincent\",\"isPartOf\":{\"@id\":\"https:\/\/tyrown-vincent.tv\/#website\"},\"datePublished\":\"2015-01-23T14:20:16+00:00\",\"dateModified\":\"2015-03-24T13:19:25+00:00\",\"breadcrumb\":{\"@id\":\"https:\/\/tyrown-vincent.tv\/?page_id=140#breadcrumb\"},\"inLanguage\":\"de\",\"potentialAction\":[{\"@type\":\"ReadAction\",\"target\":[\"https:\/\/tyrown-vincent.tv\/?page_id=140\"]}]},{\"@type\":\"BreadcrumbList\",\"@id\":\"https:\/\/tyrown-vincent.tv\/?page_id=140#breadcrumb\",\"itemListElement\":[{\"@type\":\"ListItem\",\"position\":1,\"name\":\"Home\",\"item\":\"https:\/\/tyrown-vincent.tv\/\"},{\"@type\":\"ListItem\",\"position\":2,\"name\":\"Impressum\"}]},{\"@type\":\"WebSite\",\"@id\":\"https:\/\/tyrown-vincent.tv\/#website\",\"url\":\"https:\/\/tyrown-vincent.tv\/\",\"name\":\"Tyrown Vincent\",\"description\":\"\",\"potentialAction\":[{\"@type\":\"SearchAction\",\"target\":{\"@type\":\"EntryPoint\",\"urlTemplate\":\"https:\/\/tyrown-vincent.tv\/?s={search_term_string}\"},\"query-input\":{\"@type\":\"PropertyValueSpecification\",\"valueRequired\":true,\"valueName\":\"search_term_string\"}}],\"inLanguage\":\"de\"}]}<\/script>\n<!-- \/ Yoast SEO plugin. -->","yoast_head_json":{"title":"Impressum - Tyrown Vincent","robots":{"index":"index","follow":"follow","max-snippet":"max-snippet:-1","max-image-preview":"max-image-preview:large","max-video-preview":"max-video-preview:-1"},"canonical":"https:\/\/tyrown-vincent.tv\/?page_id=140","og_locale":"de_DE","og_type":"article","og_title":"Impressum - Tyrown Vincent","og_url":"https:\/\/tyrown-vincent.tv\/?page_id=140","og_site_name":"Tyrown Vincent","article_modified_time":"2015-03-24T13:19:25+00:00","twitter_misc":{"Gesch\u00e4tzte Lesezeit":"7\u00a0Minuten"},"schema":{"@context":"https:\/\/schema.org","@graph":[{"@type":"WebPage","@id":"https:\/\/tyrown-vincent.tv\/?page_id=140","url":"https:\/\/tyrown-vincent.tv\/?page_id=140","name":"Impressum - Tyrown Vincent","isPartOf":{"@id":"https:\/\/tyrown-vincent.tv\/#website"},"datePublished":"2015-01-23T14:20:16+00:00","dateModified":"2015-03-24T13:19:25+00:00","breadcrumb":{"@id":"https:\/\/tyrown-vincent.tv\/?page_id=140#breadcrumb"},"inLanguage":"de","potentialAction":[{"@type":"ReadAction","target":["https:\/\/tyrown-vincent.tv\/?page_id=140"]}]},{"@type":"BreadcrumbList","@id":"https:\/\/tyrown-vincent.tv\/?page_id=140#breadcrumb","itemListElement":[{"@type":"ListItem","position":1,"name":"Home","item":"https:\/\/tyrown-vincent.tv\/"},{"@type":"ListItem","position":2,"name":"Impressum"}]},{"@type":"WebSite","@id":"https:\/\/tyrown-vincent.tv\/#website","url":"https:\/\/tyrown-vincent.tv\/","name":"Tyrown Vincent","description":"","potentialAction":[{"@type":"SearchAction","target":{"@type":"EntryPoint","urlTemplate":"https:\/\/tyrown-vincent.tv\/?s={search_term_string}"},"query-input":{"@type":"PropertyValueSpecification","valueRequired":true,"valueName":"search_term_string"}}],"inLanguage":"de"}]}},"_links":{"self":[{"href":"https:\/\/tyrown-vincent.tv\/index.php?rest_route=\/wp\/v2\/pages\/140","targetHints":{"allow":["GET"]}}],"collection":[{"href":"https:\/\/tyrown-vincent.tv\/index.php?rest_route=\/wp\/v2\/pages"}],"about":[{"href":"https:\/\/tyrown-vincent.tv\/index.php?rest_route=\/wp\/v2\/types\/page"}],"author":[{"embeddable":true,"href":"https:\/\/tyrown-vincent.tv\/index.php?rest_route=\/wp\/v2\/users\/1"}],"replies":[{"embeddable":true,"href":"https:\/\/tyrown-vincent.tv\/index.php?rest_route=%2Fwp%2Fv2%2Fcomments&post=140"}],"version-history":[{"count":3,"href":"https:\/\/tyrown-vincent.tv\/index.php?rest_route=\/wp\/v2\/pages\/140\/revisions"}],"predecessor-version":[{"id":287,"href":"https:\/\/tyrown-vincent.tv\/index.php?rest_route=\/wp\/v2\/pages\/140\/revisions\/287"}],"wp:attachment":[{"href":"https:\/\/tyrown-vincent.tv\/index.php?rest_route=%2Fwp%2Fv2%2Fmedia&parent=140"}],"curies":[{"name":"wp","href":"https:\/\/api.w.org\/{rel}","templated":true}]}}